ermine p(2).
-108
Let a(d) = -4*d**2 - 148*d + 8443. Determine a(31).
11
Let l(j) = 451*j + 132143. Determine l(-293).
0
Let j(h) = 2*h**2 - 31*h + 121. What is j(7)?
2
Let i(r) = 3*r**2 + 45*r + 109. What is i(-11)?
-23
Let j(q) = 2*q + 117. What is j(-11)?
95
Let d(x) = 2*x**3 - 38*x**2 - 192*x + 102. Give d(23).
-82
Let g(m) = -2*m**2 - 880*m - 14376. Calculate g(-17).
6
Let c(j) = 3*j**3 + 253*j**2 + 91*j + 595. What is c(-84)?
7
Let h(u) = u**3 - 3*u**2 - 5*u + 589. Determine h(0).
589
Let x(d) = d**3 + 68*d**2 - 526*d - 73. Calculate x(-75).
2
Let q(m) = -316*m - 1892. Give q(-6).
4
Let z(y) = -y**3 + y**2 - 77*y - 246. Give z(-3).
21
Let o(a) = 5*a**2 - 320*a + 904. What is o(61)?
-11
Let h(y) = -6*y**2 - 721*y - 834. Determine h(-119).
-1
Let x(b) = 34*b - 212. Determine x(4).
-76
Let t(v) = 53*v - 710. What is t(13)?
-21
Let b(p) = 68*p**2 - 341*p + 9. Calculate b(5).
4
Let i(l) = l**3 - 53*l**2 + 319*l + 143. Calculate i(46).
5
Let x(j) = 2306*j - 16170. What is x(7)?
-28
Let r(n) = 15*n - 152. What is r(10)?
-2
Let q(d) = 21*d**2 + 2. Give q(3).
191
Let r(k) = k**3 + 20*k**2 + 2*k + 11. Calculate r(-20).
-29
Let k(i) = -123*i + 1296. Calculate k(10).
66
Let d(m) = -m**3 - 180*m**2 - 1692*m + 1350. Determine d(-170).
-10
Let q(b) = -10*b - 114. What is q(-20)?
86
Let j(l) = 2*l - 350. Calculate j(-21).
-392
Let k(p) = 53*p - 113. Calculate k(6).
205
Let s(n) = 6*n**2 - 6*n + 1. Determine s(0).
1
Let f(q) = -5*q**3 - 2*q**2 + 7*q + 6. Determine f(2).
-28
Let g(s) = 2*s**3 - 29*s**2 + 47*s + 159. What is g(12)?
3
Let k(b) = -2*b**3 + 19*b**2 + 18*b + 17. Determine k(10).
97
Let u(l) = 4*l + 50. Determine u(0).
50
Let v(w) = 3734*w - 22407. Determine v(6).
-3
Let u(c) = -4*c**2 - 13*c + 39. Give u(9).
-402
Let y(v) = 2*v**2 + 4*v - 11. Calculate y(6).
85
Let g(s) = -55*s - 306. What is g(-6)?
24
Let b(i) = i**2 - 5*i + 127. What is b(0)?
127
Let q(r) = 8*r**3 + 3*r**2 - 17*r - 52. What is q(-3)?
-190
Let m(h) = 7*h**3 + 24*h**2 - 108*h - 1. Give m(-6).
-1
Let s(i) = -i**3 - 166*i**2 + 166*i - 228. Determine s(-167).
-61
Let j(p) = p**2 + 146*p + 1846. Give j(-14).
-2
Let m(y) = 49*y + 177. What is m(-5)?
-68
Let y(k) = 4330*k - 69282. Determine y(16).
-2
Let o(h) = h**2 + 33*h - 156. What is o(-35)?
-86
Let x(i) = -163*i**3 - i**2 - 8*i - 8. Determine x(-1).
162
Let t(u) = 3*u**3 + 2*u**2 - 9*u - 2. Determine t(2).
12
Let v(a) = -2*a**3 + 14*a**2 - 117*a + 1046. Determine v(8).
-18
Let m(f) = 8*f**2 - 5*f - 10. Determine m(4).
98
Let i(y) = -33*y - 1836. Determine i(-56).
12
Let f(x) = x**3 + 33*x**2 + 15*x - 335. Calculate f(-32).
209
Let n(r) = 2*r**3 - 9*r**2 - 3*r - 1. Calculate n(4).
-29
Let n(s) = s**3 + 22*s**2 + 38*s - 32. Give n(-20).
8
Let h(f) = -523*f + 4718. Calculate h(9).
11
Let h(s) = s**2 - 92*s - 5815. What is h(-43)?
-10
Let t(f) = 657*f - 21038. Give t(32).
-14
Let g(p) = 2*p**2 - 50*p - 53. Give g(28).
115
Let y(t) = -73*t - 3372. What is y(-46)?
-14
Let w(t) = -502*t - 1316. Determine w(-4).
692
Let z(c) = 30*c**2 - 4709*c - 142. What is z(157)?
15
Let v(o) = o**3 + 44*o**2 - 3*o - 118. What is v(-44)?
14
Let n(h) = -5*h**2 + 78*h - 168. Determine n(13).
1
Let b(l) = -17*l + 187. What is b(6)?
85
Let w(m) = -431*m + 34052. Calculate w(79).
3
Let y(f) = -2638*f. What is y(0)?
0
Let r(j) = 37*j**3 - 2*j**2 - 73*j + 142. What is r(2)?
284
Let b(m) = -2*m**3 - 9*m**2 - 38*m + 21. Calculate b(-5).
236
Let l(i) = i**3 - 2*i**2 - 21*i + 17. Give l(-4).
5
Let d(z) = 3*z**2 - 123*z - 1578. Give d(51).
-48
Let z(j) = -j**2 + 523*j - 7126. Determine z(14).
0
Let y(q) = q**3 - 110*q**2 - 115*q - 6. Calculate y(-1).
-2
Let p(v) = 34*v + 107. Calculate p(-3).
5
Let a(i) = 177*i + 6020. Give a(-34).
2
Let u(q) = 5*q**3 + 5*q**2 - q - 55. Calculate u(-5).
-550
Let f(b) = -2*b**2 - 182*b + 749. Determine f(4).
-11
Let f(p) = -p**2 + 31*p - 216. Determine f(19).
12
Let b(n) = -n**2 + 92*n - 2010. Calculate b(33).
-63
Let q(i) = -2*i**3 + 52*i**2 - 79*i - 7. Determine q(25).
-732
Let d(x) = -3*x**2 - 122*x - 56. Determine d(-37).
351
Let q(m) = -m**2 + m - 3. What is q(0)?
-3
Let w(j) = -163*j - 58342. Give w(-358).
12
Let q(h) = 14*h - 266. Determine q(16).
-42
Let t(b) = -5*b + 511. Give t(-12).
571
Let y(f) = -3*f**3 + 13*f**2 + 14*f - 95. What is y(5)?
-75
Let o(q) = -15*q**2 - 459*q + 197. Calculate o(-31).
11
Let x(j) = 37*j**2 - 351*j + 154. Give x(9).
-8
Let j(o) = o**2 + 19*o - 569. What is j(-35)?
-9
Let b(u) = -37*u + 128. Determine b(2).
54
Let d(k) = k + 17. Determine d(-11).
6
Let b(o) = -477*o + 11448. What is b(24)?
0
Let f(h) = -h**3 - 42*h**2 + 92*h + 76. Determine f(-44).
-100
Let m(a) = -51*a - 2030. Give m(-40).
10
Let w(x) = -6*x**3 - x**2 - 250. What is w(0)?
-250
Let g(t) = 40*t + 3041. What is g(-76)?
1
Let r(u) = 5*u**3 + 3*u**2 + 12*u + 39. Calculate r(-3).
-105
Let y(s) = 34*s**2 - 72*s + 1. What is y(2)?
-7
Let u(x) = 2*x**3 + 10*x**2 - 2*x - 14. Calculate u(-1).
-4
Let x(y) = 3903*y + 11723. Determine x(-3).
14
Let u(h) = 2*h**3 + 7*h**2 + 5*h + 25. Determine u(-4).
-11
Let p(w) = 2*w**2 - 298*w - 2078. Determine p(-7).
106
Let d(j) = -1747*j - 38432. Give d(-22).
2
Let a(g) = 286*g + 4268. Determine a(-15).
-22
Let k(h) = -44*h - 37. Give k(-5).
183
Let o(n) = -1216*n - 7538. Calculate o(-6).
-242
Let s(h) = 3*h**2 - 44*h - 352. Give s(-9).
287
Let k(s) = 2*s**2 + 41*s - 63. Determine k(-22).
3
Let i(o) = -o**3 - 24*o**2 - 33*o - 208. Give i(-23).
22
Let w(h) = h**3 + 141*h**2 + 145*h + 692. Calculate w(-140).
-8
Let w(j) = -12*j**3 - 4*j**2 + 8*j + 27. Calculate w(4).
-773
Let s(j) = j**2 - 1349*j + 9417. Calculate s(7).
23
Let m(w) = 26*w**2 + 422*w + 103. Give m(-16).
7
Let z(k) = -88*k + 2570. Calculate z(30).
-70
Let w(j) = -j**3 + 8*j**2 - 70*j + 8. Calculate w(7).
-433
Let q(l) = -73*l**2 + 3*l. Give q(1).
-70
Let a(b) = -2*b - 103. Calculate a(-50).
-3
Let v(l) = -l**2 - 26*l + 133. What is v(6)?
-59
Let v(k) = -3*k**2 + 125*k - 766. What is v(34)?
16
Let h(b) = -b**2 - 915*b + 43192. Give h(45).
-8
Let q(y) = 3*y**3 + 190*y**2 + 79*y + 1012. Determine q(-63).
4
Let m(q) = -47*q - 31. Calculate m(2).
-125
Let h(z) = -54*z - 353. Give h(-6).
-29
Let n(v) = -v**3 - 110*v**2 + 1735*v + 15. Calculate n(14).
1
Let o(p) = 2*p**2 - 49*p - 2868. Determine o(52).
-8
Let h(i) = -i**3 - 9*i**2 - 19*i - 23. What is h(-7)?
12
Let y(t) = -t**3 - 56*t**2 - 321*t - 111. Determine y(-6).
15
Let n(g) = -1920*g + 17280. Give n(9).
0
Let g(h) = -2*h**2 - 23*h - 292. Calculate g(-9).
-247
Let r(o) = 614*o + 31307. What is r(-51)?
-7
Let h(f) = -710*f - 13442. Give h(-19).
48
Let i(z) = -148*z - 133. Determine i(-1).
15
Let j(k) = -k**3 + 4*k**2 + 76*k - 304. Calculate j(4).
0
Let h(x) = -5*x**2 + 44*x - 16. Determine h(7).
47
Let j(c) = -3493*c - 10423. Calculate j(-3).
56
Let o(k) = -k**3 + 55*k**2 - 217*k + 74. What is o(4)?
22
Let o(d) = 2*d**2 + 36*d - 593. Determine o(-30).
127
Let q(t) = t**3 - 61*t**2 + 150*t - 1892. Calculate q(59).
-4
Let a(k) = 4*k + 129. What is a(-13)?
77
Let l(h) = -28*h**3 - 645*h**2 - 20*h + 54. Calculate l(-23).
-15
Let g(p) = -p**3 - 7*p**2 + 33*p - 39. Determine g(-12).
285
Let b(w) = w**3 - 38*w**2 - 789*w - 327. What is b(53)?
-9
Let u(i) = 26*i**3 - 2*i**2 - 43*i + 140. Give u(3).
695
Let p(c) = -2*c**3 - 24*c**2 - 333*c - 3415. Calculate p(-11).
6
Let u(p) = -p**2 + 83*p - 132. What is u(82)?
-50
Let o(p) = -p**2 + 60*p + 249. Calculate o(-4).
-7
Let k(z) = -2*z**3 + 12*z**2 - 21*z - 19. Calculate k(4).
-39
Let c(r) = 32*r - 264. Calculate c(9).
24
Let g(a) = -a**3 + 25*a**2 - 68*a + 20. Determine g(22).
-24
Let m(d) = 51*d - 1998. Determine m(39).
-9
Let q(t) = -t**3 + 28*t**2 + 31*t + 1838. What is q(31)?
-84
Let m(v) = -v**2 - 55*v - 296. What is m(-48)?
40
Let x(a) = -a**2 + 39*a + 604. Give x(-11).
54
Let f(m) = -56*m - 661. Determine f(-11).
-45
Let k(j) = j**3 - 17*j**2 + 11*j - 210. Give k(17).
-23
Let i(h) = -226*h - 1061. What is i(-5)?
69
Let u(s) = -4*s**2 - 22*s - 69. Determine u(-4).
-45
Let a(b) = -b**2 + 37*b + 872. Give a(-21).
-346
Let c(u) = -u**2 + 42*u + 95. Calculate c(-3).
-40
Let n(u) = -u**3 + 31*u**2 - 18*u - 274. Calculate n(30).
86
Let o(m) = -7*m**3 - 85*m**2 - 8*m + 37. What is o(-12)?
-11
Let m(k) = -6*k**2 + 8*k + 54. Give m(-6).
-210
Let b(